*2 - 10*u - 25. Let o be d(-12). Suppose 0 = 2*y - y - 5, 5*b = -3*y + o. List the prime factors of b.
2
Let w(p) = -61*p**3 + 2*p**2 - p. List the prime factors of w(-2).
2, 3, 83
Suppose -10 = 3*t - 8*t, 3*r - 3*t - 1923 = 0. List the prime factors of r.
643
Let v = -2500 - -6389. List the prime factors of v.
3889
List the prime factors of (-5)/(-6) - (15 + (-162558)/108).
3, 7, 71
Let k(m) = 18*m - 46. Let z(s) = -6*s + 15. Let a(d) = 5*k(d) + 16*z(d). List the prime factors of a(-4).
2, 17
Suppose 0 = -7*i - 0*i + 35. Suppose -i*p - 82 = -467. What are the prime factors of p?
7, 11
List the prime factors of (3817 - (-63)/9) + 0.
2, 239
Let r = -4 - 2. Let d = r + 10. Suppose 33 = 2*h - 4*o + o, 49 = 3*h - d*o. List the prime factors of h.
3, 5
Let b(t) = -t - 27. Let o be b(7). Let q = o - -69. List the prime factors of q.
5, 7
Let a(g) = 11*g**2 - 6*g + 7. Let f be a(3). Suppose -2*w + 2*u = -f + 14, 0 = 5*w + 5*u - 215. What are the prime factors of w?
2, 5
Let o = -93 + 64. Let g = o - -17. What are the prime factors of 4/g*2*-51?
2, 17
Let i = 29 + -5. Suppose s - 5*s = -i. Let g = 27 - s. What are the prime factors of g?
3, 7
Let p(v) be the second derivative of -38*v**3/3 + 2*v**2 - v. Let z be p(-2). Let q = z - 79. What are the prime factors of q?
7, 11
Let y be (-4)/8 + 22/4. Suppose -c - 11 = y*g - 0*g, 0 = 5*g + 5. Let v(b) = b**3 + 5*b**2 - 10*b - 9. What are the prime factors of v(c)?
3, 5
Let o = -592 - -787. List the prime factors of o.
3, 5, 13
Let g be (0 + 1)*(2 - -11). Let y(c) = c - 2. Let z be y(2). Let v = g + z. List the prime factors of v.
13
Suppose 606 = 5*i + i. List the prime factors of i + 5/(10/(-4)).
3, 11
Let k be 2/12*3*8. Let c(n) = 24*n - 44. Let m(a) = -5*a + 9. Let i(l) = 3*c(l) + 14*m(l). List the prime factors of i(k).
2
Let d(y) = 22*y**2 + 7*y - 20. List the prime factors of d(-6).
2, 5, 73
Suppose 6*f = 9*f + 6. What are the prime factors of (4/6)/(f/(-699) - 0)?
233
Let f = 318 - -44. What are the prime factors of f?
2, 181
Suppose -3*h + 327 = 3*m - 108, -275 = -2*h - 5*m. Suppose q = -2*q - h. What are the prime factors of (-1)/((-4)/q)*-2?
5
Let g be 18/(-90) + (18/(-10) - 1). Let d(m) = -31*m - 10. What are the prime factors of d(g)?
83
Suppose -5*f - 5 = 5*n, 0 = -5*f - 7 - 8. What are the prime factors of 7/14 + 81/n?
41
Let d(o) = -o**2 - 4*o - 5. Let j be d(-4). What are the prime factors of (j + 3)*108/(-6)?
2, 3
Suppose -15344 = -38*o + 24*o. What are the prime factors of o?
2, 137
Let w = -192 - -199. What are the prime factors of w?
7
Let h(c) = -24*c**3 + c**2 - 1. List the prime factors of h(-2).
3, 5, 13
Let u(t) = -t**2 + 9*t. Let n be u(7). Let a be 34/(-3)*(-21)/n. Let o = a + 13. What are the prime factors of o?
2, 3, 5
Suppose 927 = 12*j - 69. What are the prime factors of j?
83
Suppose -2*p + 16 = -3*s, 15 = 5*p - 4*s - 18. Let v = 20 - 13. Suppose -p = w - v. List the prime factors of w.
2
Suppose -5*a + 2*u + 7438 + 3069 = 0, 3*a + 3*u - 6300 = 0. List the prime factors of a.
11, 191
Let y be ((-4)/4*-18)/2. Suppose 5*f + y = 4. List the prime factors of 14/4*4 - f.
3, 5
Suppose 5*b + 45 = 5*y, 0 = -2*b - 2*b + 5*y - 36. Let z be (-6)/(-4)*(-12)/b. Suppose 4*r - 74 = z. What are the prime factors of r?
19
Let n = 30 - 0. Let k = n - -2. List the prime factors of k.
2
Let y(a) = -a - 4. Let n be y(-5). Let j = n + -1. Suppose j = -k + 11 + 3. What are the prime factors of k?
2, 7
Let r be (-45)/(-10)*(2 + 0). Suppose x = 4*x - r. Suppose -3*u - 165 = -x*l, 5*l + 5*u = u + 257. What are the prime factors of l?
53
Suppose -4*m + 20 = 4*k, -3*k + 0*m + 5*m = -7. Suppose -k*l + 6*l - 40 = 0. List the prime factors of l.
2, 5
Let l = 5108 - 2556. List the prime factors of l.
2, 11, 29
Let f = 388 + -366. List the prime factors of f.
2, 11
Suppose 0 = 4*f + 2*t + 3*t - 1092, -4*f - 2*t + 1080 = 0. Let r = -1321 - -1853. List the prime factors of (-1)/(r/f - 2).
67
Suppose -5960 = -4*x + 16*p - 19*p, -2*x - 2*p + 2980 = 0. List the prime factors of x.
2, 5, 149
Suppose -5*g - 5*k = -1505, 3*g - 525 - 380 = -4*k. List the prime factors of g.
13, 23
Suppose -3*s - 15 = -4*y, -3*y + 0*s = -2*s - 10. Suppose -4*t + 20 = 0, y = 3*b - 0*b - 4*t - 190. What are the prime factors of b?
2, 5, 7
Let m(d) = 10*d**3 - d**2 - d. Suppose -5*r = -0 + 5. Let i be m(r). What are the prime factors of (10 - 0)/(i/(-40))?
2, 5
Let r = -28 - -41. Suppose 17*x - 704 = r*x. List the prime factors of x.
2, 11
Suppose 5*y - 17 = 3*x + x, 0 = 5*x - 3*y + 5. Suppose 3*s = x*s, -2*s - 1032 = -4*n. Suppose 73 - n = -5*p. What are the prime factors of p?
37
Let m = 4 - 0. Suppose 5*x - m*c + 314 - 79 = 0, c + 94 = -2*x. Let g = -26 - x. List the prime factors of g.
3, 7
Let i(o) = o**2 + 4*o - 32. Suppose -5*n + 34 = -4*k + 122, 3*n - 5*k = -58. List the prime factors of i(n).
2, 5
Suppose 2*x - x - 303 = 0. Suppose 7*q = 4*q + x. What are the prime factors of q?
101
Suppose 2*v + 3*c - 54 = 905, -4*v - 3*c + 1927 = 0. What are the prime factors of v?
2, 11
Let o(n) = 13*n - 6*n**2 + 8 - n**2 + 9*n**2. Suppose 3*i + 4*x = -7 - 9, i = -2*x - 4. List the prime factors of o(i).
2
Let p(s) be the third derivative of s**5/60 - s**4/24 + 4*s**2. Let q(w) = 4*w**2 - 12*w - 3. Let x(d) = 3*p(d) - q(d). What are the prime factors of x(9)?
3
Suppose 5*i + 4*o = 25, -3*i + 0*i - o + 22 = 0. Let n = i - -26. List the prime factors of n.
5, 7
Let l(o) = -5*o + 10. Let r be l(2). Suppose g - 626 = -2*t, r = t - g - g - 308. List the prime factors of t.
2, 3, 13
Suppose -2514 + 1064 = -5*t. List the prime factors of t.
2, 5, 29
Let r(b) = 9*b - 23. Suppose 31*i - 28*i - 12 = 0. What are the prime factors of r(i)?
13
Let x(z) = -z**2 + 13*z + 70. List the prime factors of x(17).
2
Let p(h) = -h + 4. Let i be (-1)/((-1)/4*1). Let a be p(i). Suppose a = -3*n + 2*n + 21. List the prime factors of n.
3, 7
Suppose a - 52 = 3*g, -264 = -6*a + 2*a - 2*g. Let h = a + -31. What are the prime factors of h?
3, 11
What are the prime factors of 6/21*7*(-121)/(-2)?
11
List the prime factors of (430/25)/((-6 - -2)/(-120)).
2, 3, 43
Suppose 21*r = -9*r + 50940. What are the prime factors of r?
2, 3, 283
Let z be (2/4)/((-1)/(-18)). Suppose z*a - 12 = 6*a. Suppose -a*l - 119 = -399. What are the prime factors of l?
2, 5, 7
Suppose -4*b = -2*c - 114, 0*b + 1 = b. Let o be c*(-5 + 2 - -1). Suppose o = 5*w + 2*j + 3*j, -4*j = 2*w - 38. List the prime factors of w.
5
Suppose 126096 = -56*z + 104*z. List the prime factors of z.
37, 71
Let t(v) = -5*v - 19. Let x be t(-12). Let l = -36 + x. Let d(a) = a**2. List the prime factors of d(l).
5
Let r = -1594 - -2393. What are the prime factors of r?
17, 47
Let k(p) = 294*p**2 + p - 2. List the prime factors of k(1).
293
Let i(o) = o**2 - 4*o - 17. Let g = -13 - -6. Let z be i(g). Suppose 3*p + 0*p = z. List the prime factors of p.
2, 5
Suppose w = d + 592, -560 = -3*w + 5*d + 1222. What are the prime factors of w?
19, 31
Let w(g) = 7*g**2 - g + 58. What are the prime factors of w(-11)?
2, 229
Let y = 185 + -156. Suppose -149 = -g - y. What are the prime factors of g?
2, 3, 5
Let w be (-6)/15 + (-1914)/15. Let x = 175 + 5. Let t = w + x. List the prime factors of t.
2, 13
Let s = -2 - 13. Let x(f) = -f**2 - 19*f - 21. What are the prime factors of x(s)?
3, 13
Suppose 8*u = -13193 + 1697. List the prime factors of u/(-7) - (-6)/(-21).
5, 41
List the prime factors of (-2 + -27)/(5*(-9)/855).
19, 29
Let u(l) = 2*l**3 - 10*l**2 - 16*l + 20. What are the prime factors of u(9)?
2, 131
Let t(b) = -9*b**3 + 12*b**2 + 7*b - 25. Let s(n) = 4*n**3 - 6*n**2 - 4*n + 12. Let o(k) = -7*s(k) - 3*t(k). Let y = 0 - -6. What are the prime factors of o(y)?
3, 11
Suppose -21*x + 3606 + 18675 = 0. List the prime factors of x.
1061
Suppose -20 = -4*f + 2*y, -2*y + 0*y + 25 = 5*f. Suppose -2*g = 4, -f*g - 1272 = -5*u - 92. What are the prime factors of u?
2, 3, 13
Let p(c) = -4*c + 4. Let q be p(-4). Suppose 4*i = 3*w - w + 56, -w + q = i. List the prime factors of i.
2
Suppose 28*r - 22*r = 3426. Let d = -340 + r. What are the prime factors of d?
3, 7, 11
Let d be 4 - 3 - (1 - -4). What are the prime factors of (2 - 113)/(-6*(-1)/d)?
2, 37
List the prime factors of 36618/23 + 50/(-575).
2, 199
Suppose q - 991 = -2*j, 2*j -